{"id":24,"date":"2024-12-28T11:04:19","date_gmt":"2024-12-28T11:04:19","guid":{"rendered":"https:\/\/aemtl.org\/?page_id=24"},"modified":"2025-02-07T10:05:38","modified_gmt":"2025-02-07T10:05:38","slug":"history","status":"publish","type":"page","link":"https:\/\/aemtl.org\/pt\/aemtl\/history\/","title":{"rendered":"Hist\u00f3ria da AEMTL"},"content":{"rendered":"\n<p>A AEMTL foi criada por 43 empreendedoras a 26 de abril de 2008, com o objetivo de proporcionar oportunidades e incentivar mulheres timorenses a ganhar confian\u00e7a e motiva\u00e7\u00e3o para contribuir para o desenvolvimento do pa\u00eds.<br>Servindo como espa\u00e7o de uni\u00e3o para neg\u00f3cios em setores como Turismo, Com\u00e9rcio, Importa\u00e7\u00e3o, Constru\u00e7\u00e3o Civil, entre outros, a AEMTL visa apoiar as empreendedoras timorenses a enfrentar desafios e competir no cen\u00e1rio empresarial de Timor-Leste, aspirando a poder contribuir significativamente para o desenvolvimento econ\u00f3mico de Timor-Leste.<br>O esp\u00edrito destas 43 empreendedoras timorenses procurou formas de apoiar as mulheres que lutam e desejam tornar-se parceiras fortes para as suas fam\u00edlias e para o Governo de Timor-Leste. A AEMTL trabalha diligentemente para reunir mulheres empreendedoras que operam no pa\u00eds para partilhar informa\u00e7\u00f5es e promover as suas atividades de forma eficaz. Atrav\u00e9s de programas de forma\u00e7\u00e3o e colabora\u00e7\u00f5es com institui\u00e7\u00f5es internacionais e o Governo, a AEMTL potencia as capacidades empreendedoras atrav\u00e9s da partilha de informa\u00e7\u00e3o e conhecimento sobre sistemas e mecanismos empresariais.<\/p>\n\n\n\n<div class=\"wp-block-group alignfull is-layout-grid wp-container-core-group-is-layout-5 wp-block-group-is-layout-grid\" style=\"margin-top:0;margin-bottom:0;padding-top:0;padding-right:0px;padding-bottom:0;padding-left:0px\">\n<div class=\"wp-block-group is-vertical is-content-justification-center is-layout-flex wp-container-core-group-is-layout-1 wp-block-group-is-layout-flex\" style=\"margin-top:0;margin-bottom:0;padding-top:0;padding-right:0;padding-bottom:0;padding-left:0\">\n<figure class=\"wp-block-image size-full has-custom-border\" style=\"margin-top:var(--wp--preset--spacing--20);margin-bottom:var(--wp--preset--spacing--20)\"><img loading=\"lazy\" decoding=\"async\" width=\"210\" height=\"210\" src=\"https:\/\/aemtl.org\/wp-content\/uploads\/2025\/02\/History-1-edt.webp\" alt=\"\" class=\"wp-image-531\" style=\"border-radius:32px\" srcset=\"https:\/\/aemtl.org\/wp-content\/uploads\/2025\/02\/History-1-edt.webp 210w, https:\/\/aemtl.org\/wp-content\/uploads\/2025\/02\/History-1-edt-150x150.webp 150w\" sizes=\"auto, (max-width: 210px) 100vw, 210px\" \/><\/figure>\n\n\n\n<p class=\"has-border-color has-custom-blue-border-color has-custom-blue-color has-text-color has-link-color wp-elements-300ed96064469969d73ecf178b0cbff2\" style=\"border-width:2px;border-radius:22px;margin-top:0;margin-right:0;margin-bottom:0;margin-left:0;padding-top:0.5rem;padding-right:1.2rem;padding-bottom:0.5rem;padding-left:1.2rem;font-size:14px\">Mandato 2007 &#8211; 2012<\/p>\n\n\n\n<p class=\"has-text-align-center has-custom-blue-color has-text-color has-link-color has-medium-font-size wp-elements-35953a56bb5390fc86afca06148d1666\" style=\"margin-right:54px;margin-left:54px\">Primeiro Mandato da AEMTL liderado pela Sra. Kathleen Gon\u00e7alves<\/p>\n<\/div>\n\n\n\n<div class=\"wp-block-group is-vertical is-content-justification-center is-layout-flex wp-container-core-group-is-layout-2 wp-block-group-is-layout-flex\" style=\"margin-top:0;margin-bottom:0;padding-top:0;padding-right:0;padding-bottom:0;padding-left:0\">\n<figure class=\"wp-block-image size-full has-custom-border\" style=\"margin-top:var(--wp--preset--spacing--20);margin-bottom:var(--wp--preset--spacing--20)\"><img loading=\"lazy\" decoding=\"async\" width=\"210\" height=\"210\" src=\"https:\/\/aemtl.org\/wp-content\/uploads\/2025\/02\/History-2-edt-1.webp\" alt=\"\" class=\"wp-image-550\" style=\"border-radius:32px\" srcset=\"https:\/\/aemtl.org\/wp-content\/uploads\/2025\/02\/History-2-edt-1.webp 210w, https:\/\/aemtl.org\/wp-content\/uploads\/2025\/02\/History-2-edt-1-150x150.webp 150w\" sizes=\"auto, (max-width: 210px) 100vw, 210px\" \/><\/figure>\n\n\n\n<p class=\"has-border-color has-custom-blue-border-color has-custom-blue-color has-text-color has-link-color wp-elements-1c7be59941bb83c60e0fc892b216720d\" style=\"border-width:2px;border-radius:22px;margin-top:0;margin-right:0;margin-bottom:0;margin-left:0;padding-top:0.5rem;padding-right:1.2rem;padding-bottom:0.5rem;padding-left:1.2rem;font-size:clamp(14px, 0.875rem + ((1vw - 3.2px) * 0.208), 16px);\">Mandato 2012 &#8211; 2017<\/p>\n\n\n\n<p class=\"has-text-align-center has-custom-blue-color has-text-color has-link-color wp-elements-e17ab48bdb2145ce025610efb1b886f3\" style=\"margin-right:32px;margin-left:32px\">Segundo Mandato da AEMTL liderado pela Sra. Zenilda Gusm\u00e3o<\/p>\n<\/div>\n\n\n\n<div class=\"wp-block-group is-vertical is-content-justification-center is-layout-flex wp-container-core-group-is-layout-3 wp-block-group-is-layout-flex\" style=\"margin-top:0;margin-bottom:0;padding-top:0;padding-right:0;padding-bottom:0;padding-left:0\">\n<figure class=\"wp-block-image size-full has-custom-border\" style=\"margin-top:var(--wp--preset--spacing--20);margin-bottom:var(--wp--preset--spacing--20)\"><img loading=\"lazy\" decoding=\"async\" width=\"210\" height=\"210\" src=\"https:\/\/aemtl.org\/wp-content\/uploads\/2025\/02\/History-3-edt.webp\" alt=\"\" class=\"wp-image-554\" style=\"border-radius:32px\" srcset=\"https:\/\/aemtl.org\/wp-content\/uploads\/2025\/02\/History-3-edt.webp 210w, https:\/\/aemtl.org\/wp-content\/uploads\/2025\/02\/History-3-edt-150x150.webp 150w\" sizes=\"auto, (max-width: 210px) 100vw, 210px\" \/><\/figure>\n\n\n\n<p class=\"has-border-color has-custom-blue-border-color has-custom-blue-color has-text-color has-link-color wp-elements-e4b8cf6919a29e3e52cc3a7d98fa3c76\" style=\"border-width:2px;border-radius:22px;margin-top:0;margin-right:0;margin-bottom:0;margin-left:0;padding-top:0.5rem;padding-right:1.2rem;padding-bottom:0.5rem;padding-left:1.2rem;font-size:clamp(14px, 0.875rem + ((1vw - 3.2px) * 0.208), 16px);\">Mandato 2017 &#8211; 2022<\/p>\n\n\n\n<p class=\"has-text-align-center has-custom-blue-color has-text-color has-link-color wp-elements-4d96e8c4d16871fb69e4c5fef04770d2\" style=\"margin-right:36px;margin-left:36px\">Terceiro Mandato da AEMTL liderado pela Sra. Hergui Luina Fernandes Alves<\/p>\n<\/div>\n\n\n\n<div class=\"wp-block-group is-vertical is-content-justification-center is-layout-flex wp-container-core-group-is-layout-4 wp-block-group-is-layout-flex\" style=\"margin-top:0;margin-bottom:0;padding-top:0;padding-right:0;padding-bottom:0;padding-left:0\">\n<figure class=\"wp-block-image size-full has-custom-border\" style=\"margin-top:var(--wp--preset--spacing--20);margin-bottom:var(--wp--preset--spacing--20)\"><img loading=\"lazy\" decoding=\"async\" width=\"210\" height=\"210\" src=\"https:\/\/aemtl.org\/wp-content\/uploads\/2025\/02\/History-4-edt.webp\" alt=\"\" class=\"wp-image-556\" style=\"border-radius:32px\" srcset=\"https:\/\/aemtl.org\/wp-content\/uploads\/2025\/02\/History-4-edt.webp 210w, https:\/\/aemtl.org\/wp-content\/uploads\/2025\/02\/History-4-edt-150x150.webp 150w\" sizes=\"auto, (max-width: 210px) 100vw, 210px\" \/><\/figure>\n\n\n\n<p class=\"has-border-color has-custom-blue-border-color has-custom-blue-color has-text-color has-link-color wp-elements-c2cc36c664364f84ce44fff45c8454e9\" style=\"border-width:2px;border-radius:22px;margin-top:0;margin-right:0;margin-bottom:0;margin-left:0;padding-top:0.5rem;padding-right:1.2rem;padding-bottom:0.5rem;padding-left:1.2rem;font-size:clamp(14px, 0.875rem + ((1vw - 3.2px) * 0.208), 16px);\">Hoje<\/p>\n\n\n\n<p class=\"has-text-align-center has-custom-blue-color has-text-color has-link-color has-medium-font-size wp-elements-405b47048294435f21a38f51e8bc8799\" style=\"margin-right:82px;margin-left:82px\">Quarto Mandato da AEMTL, at\u00e9 2026, liderado pela Sra. Hergui Luina Fernandes Alves<\/p>\n<\/div>\n\n\n\n<div class=\"wp-block-columns is-layout-flex wp-container-core-columns-is-layout-1 wp-block-columns-is-layout-flex\">\n<div class=\"wp-block-column is-layout-flow wp-block-column-is-layout-flow\" style=\"flex-basis:100%\"><\/div>\n\n\n\n<div class=\"wp-block-column is-layout-flow wp-block-column-is-layout-flow\" style=\"flex-basis:100%\"><\/div>\n\n\n\n<div class=\"wp-block-column is-layout-flow wp-block-column-is-layout-flow\" style=\"flex-basis:100%\"><\/div>\n\n\n\n<div class=\"wp-block-column is-layout-flow wp-block-column-is-layout-flow\" style=\"flex-basis:100%\"><\/div>\n<\/div>\n<\/div>\n\n\n\n<p><\/p>\n","protected":false},"excerpt":{"rendered":"<p>A AEMTL foi criada por 43 empreendedoras a 26 de abril de 2008, com o objetivo de proporcionar oportunidades e incentivar mulheres timorenses a ganhar confian\u00e7a e motiva\u00e7\u00e3o para contribuir para o desenvolvimento do pa\u00eds.Servindo como espa\u00e7o de uni\u00e3o para neg\u00f3cios em setores como Turismo, Com\u00e9rcio, Importa\u00e7\u00e3o, Constru\u00e7\u00e3o Civil, entre outros, a AEMTL visa apoiar [&hellip;]<\/p>\n","protected":false},"author":1,"featured_media":0,"parent":19,"menu_order":0,"comment_status":"closed","ping_status":"closed","template":"","meta":{"footnotes":""},"class_list":["post-24","page","type-page","status-publish","hentry"],"_links":{"self":[{"href":"https:\/\/aemtl.org\/pt\/wp-json\/wp\/v2\/pages\/24","targetHints":{"allow":["GET"]}}],"collection":[{"href":"https:\/\/aemtl.org\/pt\/wp-json\/wp\/v2\/pages"}],"about":[{"href":"https:\/\/aemtl.org\/pt\/wp-json\/wp\/v2\/types\/page"}],"author":[{"embeddable":true,"href":"https:\/\/aemtl.org\/pt\/wp-json\/wp\/v2\/users\/1"}],"replies":[{"embeddable":true,"href":"https:\/\/aemtl.org\/pt\/wp-json\/wp\/v2\/comments?post=24"}],"version-history":[{"count":47,"href":"https:\/\/aemtl.org\/pt\/wp-json\/wp\/v2\/pages\/24\/revisions"}],"predecessor-version":[{"id":1173,"href":"https:\/\/aemtl.org\/pt\/wp-json\/wp\/v2\/pages\/24\/revisions\/1173"}],"up":[{"embeddable":true,"href":"https:\/\/aemtl.org\/pt\/wp-json\/wp\/v2\/pages\/19"}],"wp:attachment":[{"href":"https:\/\/aemtl.org\/pt\/wp-json\/wp\/v2\/media?parent=24"}],"curies":[{"name":"wp","href":"https:\/\/api.w.org\/{rel}","templated":true}]}}

História da AEMTL

<p>A AEMTL foi criada por 43 empreendedoras a 26 de abril de 2008, com o objetivo de proporcionar oportunidades e incentivar mulheres timorenses a ganhar confiança e motivação para contribuir para o desenvolvimento do país.<br>Servindo como espaço de união para negócios em setores como Turismo, Comércio, Importação, Construção Civil, entre outros, a AEMTL visa apoiar as empreendedoras timorenses a enfrentar desafios e competir no cenário empresarial de Timor-Leste, aspirando a poder contribuir significativamente para o desenvolvimento económico de Timor-Leste.<br>O espírito destas 43 empreendedoras timorenses procurou formas de apoiar as mulheres que lutam e desejam tornar-se parceiras fortes para as suas famílias e para o Governo de Timor-Leste. A AEMTL trabalha diligentemente para reunir mulheres empreendedoras que operam no país para partilhar informações e promover as suas atividades de forma eficaz. Através de programas de formação e colaborações com instituições internacionais e o Governo, a AEMTL potencia as capacidades empreendedoras através da partilha de informação e conhecimento sobre sistemas e mecanismos empresariais.</p>



<div class="wp-block-group alignfull is-layout-grid wp-container-core-group-is-layout-5 wp-block-group-is-layout-grid" style="margin-top:0;margin-bottom:0;padding-top:0;padding-right:0px;padding-bottom:0;padding-left:0px">
<div class="wp-block-group is-vertical is-content-justification-center is-layout-flex wp-container-core-group-is-layout-1 wp-block-group-is-layout-flex" style="margin-top:0;margin-bottom:0;padding-top:0;padding-right:0;padding-bottom:0;padding-left:0">
<figure class="wp-block-image size-full has-custom-border" style="margin-top:var(--wp--preset--spacing--20);margin-bottom:var(--wp--preset--spacing--20)"><img loading="lazy" decoding="async" width="210" height="210" src="https://aemtl.org/wp-content/uploads/2025/02/History-1-edt.webp" alt="" class="wp-image-531" style="border-radius:32px" srcset="https://aemtl.org/wp-content/uploads/2025/02/History-1-edt.webp 210w, https://aemtl.org/wp-content/uploads/2025/02/History-1-edt-150x150.webp 150w" sizes="auto, (max-width: 210px) 100vw, 210px" /></figure>



<p class="has-border-color has-custom-blue-border-color has-custom-blue-color has-text-color has-link-color wp-elements-300ed96064469969d73ecf178b0cbff2" style="border-width:2px;border-radius:22px;margin-top:0;margin-right:0;margin-bottom:0;margin-left:0;padding-top:0.5rem;padding-right:1.2rem;padding-bottom:0.5rem;padding-left:1.2rem;font-size:14px">Mandato 2007 &#8211; 2012</p>



<p class="has-text-align-center has-custom-blue-color has-text-color has-link-color has-medium-font-size wp-elements-35953a56bb5390fc86afca06148d1666" style="margin-right:54px;margin-left:54px">Primeiro Mandato da AEMTL liderado pela Sra. Kathleen Gonçalves</p>
</div>



<div class="wp-block-group is-vertical is-content-justification-center is-layout-flex wp-container-core-group-is-layout-2 wp-block-group-is-layout-flex" style="margin-top:0;margin-bottom:0;padding-top:0;padding-right:0;padding-bottom:0;padding-left:0">
<figure class="wp-block-image size-full has-custom-border" style="margin-top:var(--wp--preset--spacing--20);margin-bottom:var(--wp--preset--spacing--20)"><img loading="lazy" decoding="async" width="210" height="210" src="https://aemtl.org/wp-content/uploads/2025/02/History-2-edt-1.webp" alt="" class="wp-image-550" style="border-radius:32px" srcset="https://aemtl.org/wp-content/uploads/2025/02/History-2-edt-1.webp 210w, https://aemtl.org/wp-content/uploads/2025/02/History-2-edt-1-150x150.webp 150w" sizes="auto, (max-width: 210px) 100vw, 210px" /></figure>



<p class="has-border-color has-custom-blue-border-color has-custom-blue-color has-text-color has-link-color wp-elements-1c7be59941bb83c60e0fc892b216720d" style="border-width:2px;border-radius:22px;margin-top:0;margin-right:0;margin-bottom:0;margin-left:0;padding-top:0.5rem;padding-right:1.2rem;padding-bottom:0.5rem;padding-left:1.2rem;font-size:clamp(14px, 0.875rem + ((1vw - 3.2px) * 0.208), 16px);">Mandato 2012 &#8211; 2017</p>



<p class="has-text-align-center has-custom-blue-color has-text-color has-link-color wp-elements-e17ab48bdb2145ce025610efb1b886f3" style="margin-right:32px;margin-left:32px">Segundo Mandato da AEMTL liderado pela Sra. Zenilda Gusmão</p>
</div>



<div class="wp-block-group is-vertical is-content-justification-center is-layout-flex wp-container-core-group-is-layout-3 wp-block-group-is-layout-flex" style="margin-top:0;margin-bottom:0;padding-top:0;padding-right:0;padding-bottom:0;padding-left:0">
<figure class="wp-block-image size-full has-custom-border" style="margin-top:var(--wp--preset--spacing--20);margin-bottom:var(--wp--preset--spacing--20)"><img loading="lazy" decoding="async" width="210" height="210" src="https://aemtl.org/wp-content/uploads/2025/02/History-3-edt.webp" alt="" class="wp-image-554" style="border-radius:32px" srcset="https://aemtl.org/wp-content/uploads/2025/02/History-3-edt.webp 210w, https://aemtl.org/wp-content/uploads/2025/02/History-3-edt-150x150.webp 150w" sizes="auto, (max-width: 210px) 100vw, 210px" /></figure>



<p class="has-border-color has-custom-blue-border-color has-custom-blue-color has-text-color has-link-color wp-elements-e4b8cf6919a29e3e52cc3a7d98fa3c76" style="border-width:2px;border-radius:22px;margin-top:0;margin-right:0;margin-bottom:0;margin-left:0;padding-top:0.5rem;padding-right:1.2rem;padding-bottom:0.5rem;padding-left:1.2rem;font-size:clamp(14px, 0.875rem + ((1vw - 3.2px) * 0.208), 16px);">Mandato 2017 &#8211; 2022</p>



<p class="has-text-align-center has-custom-blue-color has-text-color has-link-color wp-elements-4d96e8c4d16871fb69e4c5fef04770d2" style="margin-right:36px;margin-left:36px">Terceiro Mandato da AEMTL liderado pela Sra. Hergui Luina Fernandes Alves</p>
</div>



<div class="wp-block-group is-vertical is-content-justification-center is-layout-flex wp-container-core-group-is-layout-4 wp-block-group-is-layout-flex" style="margin-top:0;margin-bottom:0;padding-top:0;padding-right:0;padding-bottom:0;padding-left:0">
<figure class="wp-block-image size-full has-custom-border" style="margin-top:var(--wp--preset--spacing--20);margin-bottom:var(--wp--preset--spacing--20)"><img loading="lazy" decoding="async" width="210" height="210" src="https://aemtl.org/wp-content/uploads/2025/02/History-4-edt.webp" alt="" class="wp-image-556" style="border-radius:32px" srcset="https://aemtl.org/wp-content/uploads/2025/02/History-4-edt.webp 210w, https://aemtl.org/wp-content/uploads/2025/02/History-4-edt-150x150.webp 150w" sizes="auto, (max-width: 210px) 100vw, 210px" /></figure>



<p class="has-border-color has-custom-blue-border-color has-custom-blue-color has-text-color has-link-color wp-elements-c2cc36c664364f84ce44fff45c8454e9" style="border-width:2px;border-radius:22px;margin-top:0;margin-right:0;margin-bottom:0;margin-left:0;padding-top:0.5rem;padding-right:1.2rem;padding-bottom:0.5rem;padding-left:1.2rem;font-size:clamp(14px, 0.875rem + ((1vw - 3.2px) * 0.208), 16px);">Hoje</p>



<p class="has-text-align-center has-custom-blue-color has-text-color has-link-color has-medium-font-size wp-elements-405b47048294435f21a38f51e8bc8799" style="margin-right:82px;margin-left:82px">Quarto Mandato da AEMTL, até 2026, liderado pela Sra. Hergui Luina Fernandes Alves</p>
</div>



<div class="wp-block-columns is-layout-flex wp-container-core-columns-is-layout-1 wp-block-columns-is-layout-flex">
<div class="wp-block-column is-layout-flow wp-block-column-is-layout-flow" style="flex-basis:100%"></div>



<div class="wp-block-column is-layout-flow wp-block-column-is-layout-flow" style="flex-basis:100%"></div>



<div class="wp-block-column is-layout-flow wp-block-column-is-layout-flow" style="flex-basis:100%"></div>



<div class="wp-block-column is-layout-flow wp-block-column-is-layout-flow" style="flex-basis:100%"></div>
</div>
</div>



<p></p>

<p>A AEMTL foi criada por 43 empreendedoras a 26 de abril de 2008, com o objetivo de proporcionar oportunidades e incentivar mulheres timorenses a ganhar confiança e motivação para contribuir para o desenvolvimento do país.Servindo como espaço de união para negócios em setores como Turismo, Comércio, Importação, Construção Civil, entre outros, a AEMTL visa apoiar [&hellip;]</p>
