{"id":313,"date":"2025-01-27T06:42:23","date_gmt":"2025-01-27T06:42:23","guid":{"rendered":"https:\/\/aemtl.org\/?page_id=313"},"modified":"2025-02-07T07:27:48","modified_gmt":"2025-02-07T07:27:48","slug":"products-and-services","status":"publish","type":"page","link":"https:\/\/aemtl.org\/pt\/members\/products-and-services\/","title":{"rendered":"Produtos e Servi\u00e7os"},"content":{"rendered":"\n<p><strong>Forma\u00e7\u00e3o e Capacita\u00e7\u00e3o:<\/strong><br>Organiza\u00e7\u00e3o de workshops, semin\u00e1rios e forma\u00e7\u00f5es sobre o desenvolvimento de compet\u00eancias empresariais, lideran\u00e7a e desenvolvimento profissional.<br>\u00a0<br><strong>Mentoria:<\/strong><br>Facilita\u00e7\u00e3o de programas de mentoria para mulheres empreendedoras, com apoio e aconselhamento dado por mulheres de neg\u00f3cios experientes.<br>\u00a0<br><strong>Rede de Contactos Empresariais:<\/strong><br>Organiza\u00e7\u00e3o de reuni\u00f5es de networking, eventos e outras atividades para promover a intera\u00e7\u00e3o e a colabora\u00e7\u00e3o entre os membros.<br>\u00a0<br><strong>Promo\u00e7\u00e3o de Neg\u00f3cios:<\/strong><br>Op\u00e7\u00f5es para promover os neg\u00f3cios das associadas atrav\u00e9s de plataformas online, redes sociais e eventos promocionais.<br>\u00a0<br><strong>Apoio jur\u00eddico e advocacia:<\/strong><br>Facilita\u00e7\u00e3o do acesso a informa\u00e7\u00f5es jur\u00eddicas, consultas jur\u00eddicas e defesa de quest\u00f5es relevantes para mulheres empres\u00e1rias.<br>\u00a0<br><strong>Apoio Financeiro:<\/strong><br>Orienta\u00e7\u00e3o e assist\u00eancia em quest\u00f5es financeiras, como o cr\u00e9dito, incluindo informa\u00e7\u00f5es sobre subs\u00eddios, financiamento e outros recursos para sustentar as empresas.<br>\u00a0<br><strong>Eventos e Campanhas:<\/strong><br>Organiza\u00e7\u00e3o de eventos, feiras e campanhas promocionais para aumentar a visibilidade e o apoio aos neg\u00f3cios das associadas.<br>\u00a0<br><strong>Lobbying e Representa\u00e7\u00e3o:<\/strong><br>Representa\u00e7\u00e3o dos interesses dos membros a n\u00edvel local, nacional e internacional, fazendo lobby para pol\u00edticas que afetam as mulheres empres\u00e1rias.<\/p>\n\n\n\n<p><\/p>\n","protected":false},"excerpt":{"rendered":"<p>Forma\u00e7\u00e3o e Capacita\u00e7\u00e3o:Organiza\u00e7\u00e3o de workshops, semin\u00e1rios e forma\u00e7\u00f5es sobre o desenvolvimento de compet\u00eancias empresariais, lideran\u00e7a e desenvolvimento profissional.\u00a0Mentoria:Facilita\u00e7\u00e3o de programas de mentoria para mulheres empreendedoras, com apoio e aconselhamento dado por mulheres de neg\u00f3cios experientes.\u00a0Rede de Contactos Empresariais:Organiza\u00e7\u00e3o de reuni\u00f5es de networking, eventos e outras atividades para promover a intera\u00e7\u00e3o e a colabora\u00e7\u00e3o entre os [&hellip;]<\/p>\n","protected":false},"author":1,"featured_media":0,"parent":83,"menu_order":0,"comment_status":"closed","ping_status":"closed","template":"","meta":{"footnotes":""},"class_list":["post-313","page","type-page","status-publish","hentry"],"_links":{"self":[{"href":"https:\/\/aemtl.org\/pt\/wp-json\/wp\/v2\/pages\/313","targetHints":{"allow":["GET"]}}],"collection":[{"href":"https:\/\/aemtl.org\/pt\/wp-json\/wp\/v2\/pages"}],"about":[{"href":"https:\/\/aemtl.org\/pt\/wp-json\/wp\/v2\/types\/page"}],"author":[{"embeddable":true,"href":"https:\/\/aemtl.org\/pt\/wp-json\/wp\/v2\/users\/1"}],"replies":[{"embeddable":true,"href":"https:\/\/aemtl.org\/pt\/wp-json\/wp\/v2\/comments?post=313"}],"version-history":[{"count":4,"href":"https:\/\/aemtl.org\/pt\/wp-json\/wp\/v2\/pages\/313\/revisions"}],"predecessor-version":[{"id":1456,"href":"https:\/\/aemtl.org\/pt\/wp-json\/wp\/v2\/pages\/313\/revisions\/1456"}],"up":[{"embeddable":true,"href":"https:\/\/aemtl.org\/pt\/wp-json\/wp\/v2\/pages\/83"}],"wp:attachment":[{"href":"https:\/\/aemtl.org\/pt\/wp-json\/wp\/v2\/media?parent=313"}],"curies":[{"name":"wp","href":"https:\/\/api.w.org\/{rel}","templated":true}]}}

Produtos e Serviços

<p><strong>Formação e Capacitação:</strong><br>Organização de workshops, seminários e formações sobre o desenvolvimento de competências empresariais, liderança e desenvolvimento profissional.<br> <br><strong>Mentoria:</strong><br>Facilitação de programas de mentoria para mulheres empreendedoras, com apoio e aconselhamento dado por mulheres de negócios experientes.<br> <br><strong>Rede de Contactos Empresariais:</strong><br>Organização de reuniões de networking, eventos e outras atividades para promover a interação e a colaboração entre os membros.<br> <br><strong>Promoção de Negócios:</strong><br>Opções para promover os negócios das associadas através de plataformas online, redes sociais e eventos promocionais.<br> <br><strong>Apoio jurídico e advocacia:</strong><br>Facilitação do acesso a informações jurídicas, consultas jurídicas e defesa de questões relevantes para mulheres empresárias.<br> <br><strong>Apoio Financeiro:</strong><br>Orientação e assistência em questões financeiras, como o crédito, incluindo informações sobre subsídios, financiamento e outros recursos para sustentar as empresas.<br> <br><strong>Eventos e Campanhas:</strong><br>Organização de eventos, feiras e campanhas promocionais para aumentar a visibilidade e o apoio aos negócios das associadas.<br> <br><strong>Lobbying e Representação:</strong><br>Representação dos interesses dos membros a nível local, nacional e internacional, fazendo lobby para políticas que afetam as mulheres empresárias.</p>



<p></p>

<p>Formação e Capacitação:Organização de workshops, seminários e formações sobre o desenvolvimento de competências empresariais, liderança e desenvolvimento profissional. Mentoria:Facilitação de programas de mentoria para mulheres empreendedoras, com apoio e aconselhamento dado por mulheres de negócios experientes. Rede de Contactos Empresariais:Organização de reuniões de networking, eventos e outras atividades para promover a interação e a colaboração entre os [&hellip;]</p>
