{"id":36,"date":"2024-12-28T11:04:19","date_gmt":"2024-12-28T11:04:19","guid":{"rendered":"https:\/\/aemtl.org\/?page_id=36"},"modified":"2025-02-07T13:25:05","modified_gmt":"2025-02-07T13:25:05","slug":"strategic-plans-2","status":"publish","type":"page","link":"https:\/\/aemtl.org\/pt\/aemtl\/strategic-plans-2\/","title":{"rendered":"Plano Estrat\u00e9gico"},"content":{"rendered":"\n<div class=\"wp-block-columns is-layout-flex wp-container-core-columns-is-layout-1 wp-block-columns-is-layout-flex\">\n<div class=\"wp-block-column is-layout-flow wp-block-column-is-layout-flow\">\n<p>A Associa\u00e7\u00e3o Empresarial das Mulheres de Timor-Leste (AEMTL) representa e defende os interesses e aspira\u00e7\u00f5es de todas as mulheres empres\u00e1rias timorenses e est\u00e1 consciente dos v\u00e1rios interesses e expectativas das suas associadas. A participa\u00e7\u00e3o e o envolvimento das suas associadas, internamente, e com as partes interessadas, externamente, continua a ser um elemento central da sua abordagem program\u00e1tica.\u00a0<br>A AEMTL est\u00e1 determinada a impulsionar novas tend\u00eancias na din\u00e2mica do setor privado: mais propriedade para reduzir a depend\u00eancia de projetos p\u00fablicos, neg\u00f3cios mais estruturados e profissionais, ser o verdadeiro setor produtivo e um alternativa eficaz \u00e0 cria\u00e7\u00e3o de emprego e gera\u00e7\u00f5es de rendimentos do setor p\u00fablico. Neste processo, procura explorar formas inovadoras e criativas de fazer neg\u00f3cios em Timor-Leste e no estrangeiro.\u00a0<br>\u00a0<br>\u00c9 com base nesta consci\u00eancia que a AEMTL iniciou um processo de planeamento estrat\u00e9gico consultivo e participativo que envolveu uma an\u00e1lise documental relevante, uma avalia\u00e7\u00e3o institucional, entrevistas a associadas e a equipas setoriais, e um workshop de planeamento estrat\u00e9gico de dois dias realizado em Dare, D\u00edli, de 16 a 18 de Fevereiro de 2018.<br>\u00a0<br>Os resultados deste processo consultivo foram registados por uma assessora t\u00e9cnica, contratada pela ONU Mulheres, num relat\u00f3rio de Discuss\u00e3o que mais tarde serviu de base ao desenvolvimento do atual Plano Estrat\u00e9gico. Deve reconhecer-se que estes passos iniciais de desenvolvimento n\u00e3o seriam poss\u00edveis sem o apoio da ONU Mulheres, uma das primeiras ag\u00eancias parceiras da AEMTL.<br>\u00a0<br>Este plano apresenta um roteiro para uma nova AEMT &#8211; que a lideran\u00e7a da associa\u00e7\u00e3o se compromete a seguir durante os pr\u00f3ximos quatro anos do seu mandato -, centrado na busca de excel\u00eancia sustent\u00e1vel como uma voz nacional para as mulheres empres\u00e1rias de Timor-Leste.<br>\u00a0<br><a href=\"https:\/\/aemtl.tl\/images\/pdf\/strategic-plan-aemtl.pdf\" target=\"_blank\" rel=\"noreferrer noopener\">Descarregue uma c\u00f3pia do Plano Estrat\u00e9gico aqui.<\/a><br><\/p>\n<\/div>\n\n\n\n<div class=\"wp-block-column is-layout-flow wp-block-column-is-layout-flow\">\n<figure class=\"wp-block-image size-full\"><img loading=\"lazy\" decoding=\"async\" width=\"800\" height=\"600\" src=\"https:\/\/aemtl.org\/wp-content\/uploads\/2025\/01\/strategic-plan-800x600-1.webp\" alt=\"\" class=\"wp-image-335\" srcset=\"https:\/\/aemtl.org\/wp-content\/uploads\/2025\/01\/strategic-plan-800x600-1.webp 800w, https:\/\/aemtl.org\/wp-content\/uploads\/2025\/01\/strategic-plan-800x600-1-300x225.webp 300w, https:\/\/aemtl.org\/wp-content\/uploads\/2025\/01\/strategic-plan-800x600-1-768x576.webp 768w\" sizes=\"auto, (max-width: 800px) 100vw, 800px\" \/><\/figure>\n<\/div>\n<\/div>\n\n\n\n<p><\/p>\n","protected":false},"excerpt":{"rendered":"<p>A Associa\u00e7\u00e3o Empresarial das Mulheres de Timor-Leste (AEMTL) representa e defende os interesses e aspira\u00e7\u00f5es de todas as mulheres empres\u00e1rias timorenses e est\u00e1 consciente dos v\u00e1rios interesses e expectativas das suas associadas. A participa\u00e7\u00e3o e o envolvimento das suas associadas, internamente, e com as partes interessadas, externamente, continua a ser um elemento central da sua [&hellip;]<\/p>\n","protected":false},"author":1,"featured_media":0,"parent":19,"menu_order":0,"comment_status":"closed","ping_status":"closed","template":"","meta":{"footnotes":""},"class_list":["post-36","page","type-page","status-publish","hentry"],"_links":{"self":[{"href":"https:\/\/aemtl.org\/pt\/wp-json\/wp\/v2\/pages\/36","targetHints":{"allow":["GET"]}}],"collection":[{"href":"https:\/\/aemtl.org\/pt\/wp-json\/wp\/v2\/pages"}],"about":[{"href":"https:\/\/aemtl.org\/pt\/wp-json\/wp\/v2\/types\/page"}],"author":[{"embeddable":true,"href":"https:\/\/aemtl.org\/pt\/wp-json\/wp\/v2\/users\/1"}],"replies":[{"embeddable":true,"href":"https:\/\/aemtl.org\/pt\/wp-json\/wp\/v2\/comments?post=36"}],"version-history":[{"count":7,"href":"https:\/\/aemtl.org\/pt\/wp-json\/wp\/v2\/pages\/36\/revisions"}],"predecessor-version":[{"id":1271,"href":"https:\/\/aemtl.org\/pt\/wp-json\/wp\/v2\/pages\/36\/revisions\/1271"}],"up":[{"embeddable":true,"href":"https:\/\/aemtl.org\/pt\/wp-json\/wp\/v2\/pages\/19"}],"wp:attachment":[{"href":"https:\/\/aemtl.org\/pt\/wp-json\/wp\/v2\/media?parent=36"}],"curies":[{"name":"wp","href":"https:\/\/api.w.org\/{rel}","templated":true}]}}

Plano Estratégico

<div class="wp-block-columns is-layout-flex wp-container-core-columns-is-layout-1 wp-block-columns-is-layout-flex">
<div class="wp-block-column is-layout-flow wp-block-column-is-layout-flow">
<p>A Associação Empresarial das Mulheres de Timor-Leste (AEMTL) representa e defende os interesses e aspirações de todas as mulheres empresárias timorenses e está consciente dos vários interesses e expectativas das suas associadas. A participação e o envolvimento das suas associadas, internamente, e com as partes interessadas, externamente, continua a ser um elemento central da sua abordagem programática. <br>A AEMTL está determinada a impulsionar novas tendências na dinâmica do setor privado: mais propriedade para reduzir a dependência de projetos públicos, negócios mais estruturados e profissionais, ser o verdadeiro setor produtivo e um alternativa eficaz à criação de emprego e gerações de rendimentos do setor público. Neste processo, procura explorar formas inovadoras e criativas de fazer negócios em Timor-Leste e no estrangeiro. <br> <br>É com base nesta consciência que a AEMTL iniciou um processo de planeamento estratégico consultivo e participativo que envolveu uma análise documental relevante, uma avaliação institucional, entrevistas a associadas e a equipas setoriais, e um workshop de planeamento estratégico de dois dias realizado em Dare, Díli, de 16 a 18 de Fevereiro de 2018.<br> <br>Os resultados deste processo consultivo foram registados por uma assessora técnica, contratada pela ONU Mulheres, num relatório de Discussão que mais tarde serviu de base ao desenvolvimento do atual Plano Estratégico. Deve reconhecer-se que estes passos iniciais de desenvolvimento não seriam possíveis sem o apoio da ONU Mulheres, uma das primeiras agências parceiras da AEMTL.<br> <br>Este plano apresenta um roteiro para uma nova AEMT &#8211; que a liderança da associação se compromete a seguir durante os próximos quatro anos do seu mandato -, centrado na busca de excelência sustentável como uma voz nacional para as mulheres empresárias de Timor-Leste.<br> <br><a href="https://aemtl.tl/images/pdf/strategic-plan-aemtl.pdf" target="_blank" rel="noreferrer noopener">Descarregue uma cópia do Plano Estratégico aqui.</a><br></p>
</div>



<div class="wp-block-column is-layout-flow wp-block-column-is-layout-flow">
<figure class="wp-block-image size-full"><img loading="lazy" decoding="async" width="800" height="600" src="https://aemtl.org/wp-content/uploads/2025/01/strategic-plan-800x600-1.webp" alt="" class="wp-image-335" srcset="https://aemtl.org/wp-content/uploads/2025/01/strategic-plan-800x600-1.webp 800w, https://aemtl.org/wp-content/uploads/2025/01/strategic-plan-800x600-1-300x225.webp 300w, https://aemtl.org/wp-content/uploads/2025/01/strategic-plan-800x600-1-768x576.webp 768w" sizes="auto, (max-width: 800px) 100vw, 800px" /></figure>
</div>
</div>



<p></p>

<p>A Associação Empresarial das Mulheres de Timor-Leste (AEMTL) representa e defende os interesses e aspirações de todas as mulheres empresárias timorenses e está consciente dos vários interesses e expectativas das suas associadas. A participação e o envolvimento das suas associadas, internamente, e com as partes interessadas, externamente, continua a ser um elemento central da sua [&hellip;]</p>
