{"id":24,"date":"2024-12-28T11:04:19","date_gmt":"2024-12-28T11:04:19","guid":{"rendered":"https:\/\/aemtl.org\/?page_id=24"},"modified":"2025-02-07T10:05:38","modified_gmt":"2025-02-07T10:05:38","slug":"history","status":"publish","type":"page","link":"https:\/\/aemtl.org\/tetun\/aemtl\/history\/","title":{"rendered":"AEMTL Nia Ist\u00f3ria"},"content":{"rendered":"\n<p>Iha loron 26, fulan abril,&nbsp; tinan 2008, emprezaria hamutuk haat nulu resun tolu (43) hari\u2019i&nbsp; AEMTL ho&nbsp; objetivu atu kria oportunidade no insentivu ba emprezariu timor-oan sira hodi fiar-an no motiva-an hodi kontribui ba dezenvolvimentu nasaun nian.&nbsp;<br>Sai hanesan mahon ba neg\u00f3siu sira seluk, iha sektor oin-oin, hanesan Turismu, Kom\u00e9rsiu, Importasaun, Konstrusaun Sivil, no selun tan, AEMTL hakarak suporta emprezariu timor-oan sira atu hasoru dezafiu no atu kompete iha panorama emprezarial Timor-Leste nian, ho hanoin&nbsp; atu kontribui ba dezenvolvimentu ekonomia nasaun nian.&nbsp;<br>Ho n\u00e9on tomak, empreendedora timor-oan hamutuk 43 fiar katak bele hetan dalan hodi suporta feto sira ne\u2019eb\u00e9 berani no hakarak sai parseiru forte ida ba sira nia fam\u00edlia rasik no ba Governu Timor-Leste nian. AEMTL nia objetivu prinsip\u00e1l mak atu promove no enkoraja maluk feto timor sira atu berani no fiar iha sira nia empreendimentu, liu husi programa formasaun no kolaborasaun ho instituisaun internasion\u00e1l sira no mos ho governu. AEMTL mos haforsa kapasidade emprezarial liu husi partilla informasaun no ko\u00f1esimentu ba sistema no mekanisu emprezarial sira.<\/p>\n\n\n\n<div class=\"wp-block-group alignfull is-layout-grid wp-container-core-group-is-layout-5 wp-block-group-is-layout-grid\" style=\"margin-top:0;margin-bottom:0;padding-top:0;padding-right:0px;padding-bottom:0;padding-left:0px\">\n<div class=\"wp-block-group is-vertical is-content-justification-center is-layout-flex wp-container-core-group-is-layout-1 wp-block-group-is-layout-flex\" style=\"margin-top:0;margin-bottom:0;padding-top:0;padding-right:0;padding-bottom:0;padding-left:0\">\n<figure class=\"wp-block-image size-full has-custom-border\" style=\"margin-top:var(--wp--preset--spacing--20);margin-bottom:var(--wp--preset--spacing--20)\"><img loading=\"lazy\" decoding=\"async\" width=\"210\" height=\"210\" src=\"https:\/\/aemtl.org\/wp-content\/uploads\/2025\/02\/History-1-edt.webp\" alt=\"\" class=\"wp-image-531\" style=\"border-radius:32px\" srcset=\"https:\/\/aemtl.org\/wp-content\/uploads\/2025\/02\/History-1-edt.webp 210w, https:\/\/aemtl.org\/wp-content\/uploads\/2025\/02\/History-1-edt-150x150.webp 150w\" sizes=\"auto, (max-width: 210px) 100vw, 210px\" \/><\/figure>\n\n\n\n<p class=\"has-border-color has-custom-blue-border-color has-custom-blue-color has-text-color has-link-color wp-elements-a364b9e456b67bb7687aa7487e9d19e0\" style=\"border-width:2px;border-radius:22px;margin-top:0;margin-right:0;margin-bottom:0;margin-left:0;padding-top:0.5rem;padding-right:1.2rem;padding-bottom:0.5rem;padding-left:1.2rem;font-size:clamp(14px, 0.875rem + ((1vw - 3.2px) * 0.208), 16px);\">Mandatu 2007 &#8211; 2012<\/p>\n\n\n\n<p class=\"has-text-align-center has-custom-blue-color has-text-color has-link-color has-medium-font-size wp-elements-ab6cdfc06d919080c08468aa649cdf60\" style=\"margin-right:54px;margin-left:54px\">AEMTL nia mandatu dahuluk lidera husi Sra. Kathleen Gon\u00e7alves<\/p>\n<\/div>\n\n\n\n<div class=\"wp-block-group is-vertical is-content-justification-center is-layout-flex wp-container-core-group-is-layout-2 wp-block-group-is-layout-flex\" style=\"margin-top:0;margin-bottom:0;padding-top:0;padding-right:0;padding-bottom:0;padding-left:0\">\n<figure class=\"wp-block-image size-full has-custom-border\" style=\"margin-top:var(--wp--preset--spacing--20);margin-bottom:var(--wp--preset--spacing--20)\"><img loading=\"lazy\" decoding=\"async\" width=\"210\" height=\"210\" src=\"https:\/\/aemtl.org\/wp-content\/uploads\/2025\/02\/History-2-edt-1.webp\" alt=\"\" class=\"wp-image-550\" style=\"border-radius:32px\" srcset=\"https:\/\/aemtl.org\/wp-content\/uploads\/2025\/02\/History-2-edt-1.webp 210w, https:\/\/aemtl.org\/wp-content\/uploads\/2025\/02\/History-2-edt-1-150x150.webp 150w\" sizes=\"auto, (max-width: 210px) 100vw, 210px\" \/><\/figure>\n\n\n\n<p class=\"has-border-color has-custom-blue-border-color has-custom-blue-color has-text-color has-link-color wp-elements-e2ba206b3c9b1446b71fcc9d5c6e9db7\" style=\"border-width:2px;border-radius:22px;margin-top:0;margin-right:0;margin-bottom:0;margin-left:0;padding-top:0.5rem;padding-right:1.2rem;padding-bottom:0.5rem;padding-left:1.2rem;font-size:clamp(14px, 0.875rem + ((1vw - 3.2px) * 0.208), 16px);\">Mandatu 2012 &#8211; 2017<\/p>\n\n\n\n<p class=\"has-text-align-center has-custom-blue-color has-text-color has-link-color wp-elements-b9fad6b1120d077b32463c4222ca8415\" style=\"margin-right:32px;margin-left:32px\">AEMTL nia mandatu daruak lidera husi\u00a0\u00a0Sra. Zenilda Gusm\u00e3o.<\/p>\n<\/div>\n\n\n\n<div class=\"wp-block-group is-vertical is-content-justification-center is-layout-flex wp-container-core-group-is-layout-3 wp-block-group-is-layout-flex\" style=\"margin-top:0;margin-bottom:0;padding-top:0;padding-right:0;padding-bottom:0;padding-left:0\">\n<figure class=\"wp-block-image size-full has-custom-border\" style=\"margin-top:var(--wp--preset--spacing--20);margin-bottom:var(--wp--preset--spacing--20)\"><img loading=\"lazy\" decoding=\"async\" width=\"210\" height=\"210\" src=\"https:\/\/aemtl.org\/wp-content\/uploads\/2025\/02\/History-3-edt.webp\" alt=\"\" class=\"wp-image-554\" style=\"border-radius:32px\" srcset=\"https:\/\/aemtl.org\/wp-content\/uploads\/2025\/02\/History-3-edt.webp 210w, https:\/\/aemtl.org\/wp-content\/uploads\/2025\/02\/History-3-edt-150x150.webp 150w\" sizes=\"auto, (max-width: 210px) 100vw, 210px\" \/><\/figure>\n\n\n\n<p class=\"has-border-color has-custom-blue-border-color has-custom-blue-color has-text-color has-link-color wp-elements-93f7936dc4450e584d2e51229c789c14\" style=\"border-width:2px;border-radius:22px;margin-top:0;margin-right:0;margin-bottom:0;margin-left:0;padding-top:0.5rem;padding-right:1.2rem;padding-bottom:0.5rem;padding-left:1.2rem;font-size:clamp(14px, 0.875rem + ((1vw - 3.2px) * 0.208), 16px);\">Mandatu 2017 &#8211; 2022<\/p>\n\n\n\n<p class=\"has-text-align-center has-custom-blue-color has-text-color has-link-color wp-elements-9c972e0caae1423cceefe19c8ed418b1\" style=\"margin-right:36px;margin-left:36px\">AEMTL nia mandatu datoluk lidera husi Sra. Hergui\u00a0Luina Fernandes\u00a0Alves.<\/p>\n<\/div>\n\n\n\n<div class=\"wp-block-group is-vertical is-content-justification-center is-layout-flex wp-container-core-group-is-layout-4 wp-block-group-is-layout-flex\" style=\"margin-top:0;margin-bottom:0;padding-top:0;padding-right:0;padding-bottom:0;padding-left:0\">\n<figure class=\"wp-block-image size-full has-custom-border\" style=\"margin-top:var(--wp--preset--spacing--20);margin-bottom:var(--wp--preset--spacing--20)\"><img loading=\"lazy\" decoding=\"async\" width=\"210\" height=\"210\" src=\"https:\/\/aemtl.org\/wp-content\/uploads\/2025\/02\/History-4-edt.webp\" alt=\"\" class=\"wp-image-556\" style=\"border-radius:32px\" srcset=\"https:\/\/aemtl.org\/wp-content\/uploads\/2025\/02\/History-4-edt.webp 210w, https:\/\/aemtl.org\/wp-content\/uploads\/2025\/02\/History-4-edt-150x150.webp 150w\" sizes=\"auto, (max-width: 210px) 100vw, 210px\" \/><\/figure>\n\n\n\n<p class=\"has-border-color has-custom-blue-border-color has-custom-blue-color has-text-color has-link-color wp-elements-10ff48f8e182b7bd84caf84414f53b6b\" style=\"border-width:2px;border-radius:22px;margin-top:0;margin-right:0;margin-bottom:0;margin-left:0;padding-top:0.5rem;padding-right:1.2rem;padding-bottom:0.5rem;padding-left:1.2rem;font-size:clamp(14px, 0.875rem + ((1vw - 3.2px) * 0.208), 16px);\">Ohin Loron<\/p>\n\n\n\n<p class=\"has-text-align-center has-custom-blue-color has-text-color has-link-color has-medium-font-size wp-elements-9c8364537d8f5781f08a9a2092bc2c60\" style=\"margin-right:82px;margin-left:82px\">AEMTL nia mandatu dahaat, to&#8217;o tinan 2026, lidera husi\u00a0Sra. Hergui Luina Fernandes Alves<\/p>\n<\/div>\n\n\n\n<div class=\"wp-block-columns is-layout-flex wp-container-core-columns-is-layout-1 wp-block-columns-is-layout-flex\">\n<div class=\"wp-block-column is-layout-flow wp-block-column-is-layout-flow\" style=\"flex-basis:100%\"><\/div>\n\n\n\n<div class=\"wp-block-column is-layout-flow wp-block-column-is-layout-flow\" style=\"flex-basis:100%\"><\/div>\n\n\n\n<div class=\"wp-block-column is-layout-flow wp-block-column-is-layout-flow\" style=\"flex-basis:100%\"><\/div>\n\n\n\n<div class=\"wp-block-column is-layout-flow wp-block-column-is-layout-flow\" style=\"flex-basis:100%\"><\/div>\n<\/div>\n<\/div>\n\n\n\n<p><\/p>\n","protected":false},"excerpt":{"rendered":"<p>Iha loron 26, fulan abril,&nbsp; tinan 2008, emprezaria hamutuk haat nulu resun tolu (43) hari\u2019i&nbsp; AEMTL ho&nbsp; objetivu atu kria oportunidade no insentivu ba emprezariu timor-oan sira hodi fiar-an no motiva-an hodi kontribui ba dezenvolvimentu nasaun nian.&nbsp;Sai hanesan mahon ba neg\u00f3siu sira seluk, iha sektor oin-oin, hanesan Turismu, Kom\u00e9rsiu, Importasaun, Konstrusaun Sivil, no selun tan, [&hellip;]<\/p>\n","protected":false},"author":1,"featured_media":0,"parent":19,"menu_order":0,"comment_status":"closed","ping_status":"closed","template":"","meta":{"footnotes":""},"class_list":["post-24","page","type-page","status-publish","hentry"],"_links":{"self":[{"href":"https:\/\/aemtl.org\/tetun\/wp-json\/wp\/v2\/pages\/24","targetHints":{"allow":["GET"]}}],"collection":[{"href":"https:\/\/aemtl.org\/tetun\/wp-json\/wp\/v2\/pages"}],"about":[{"href":"https:\/\/aemtl.org\/tetun\/wp-json\/wp\/v2\/types\/page"}],"author":[{"embeddable":true,"href":"https:\/\/aemtl.org\/tetun\/wp-json\/wp\/v2\/users\/1"}],"replies":[{"embeddable":true,"href":"https:\/\/aemtl.org\/tetun\/wp-json\/wp\/v2\/comments?post=24"}],"version-history":[{"count":47,"href":"https:\/\/aemtl.org\/tetun\/wp-json\/wp\/v2\/pages\/24\/revisions"}],"predecessor-version":[{"id":1173,"href":"https:\/\/aemtl.org\/tetun\/wp-json\/wp\/v2\/pages\/24\/revisions\/1173"}],"up":[{"embeddable":true,"href":"https:\/\/aemtl.org\/tetun\/wp-json\/wp\/v2\/pages\/19"}],"wp:attachment":[{"href":"https:\/\/aemtl.org\/tetun\/wp-json\/wp\/v2\/media?parent=24"}],"curies":[{"name":"wp","href":"https:\/\/api.w.org\/{rel}","templated":true}]}}

AEMTL Nia Istória

<p>Iha loron 26, fulan abril,&nbsp; tinan 2008, emprezaria hamutuk haat nulu resun tolu (43) hari’i&nbsp; AEMTL ho&nbsp; objetivu atu kria oportunidade no insentivu ba emprezariu timor-oan sira hodi fiar-an no motiva-an hodi kontribui ba dezenvolvimentu nasaun nian.&nbsp;<br>Sai hanesan mahon ba negósiu sira seluk, iha sektor oin-oin, hanesan Turismu, Komérsiu, Importasaun, Konstrusaun Sivil, no selun tan, AEMTL hakarak suporta emprezariu timor-oan sira atu hasoru dezafiu no atu kompete iha panorama emprezarial Timor-Leste nian, ho hanoin&nbsp; atu kontribui ba dezenvolvimentu ekonomia nasaun nian.&nbsp;<br>Ho néon tomak, empreendedora timor-oan hamutuk 43 fiar katak bele hetan dalan hodi suporta feto sira ne’ebé berani no hakarak sai parseiru forte ida ba sira nia família rasik no ba Governu Timor-Leste nian. AEMTL nia objetivu prinsipál mak atu promove no enkoraja maluk feto timor sira atu berani no fiar iha sira nia empreendimentu, liu husi programa formasaun no kolaborasaun ho instituisaun internasionál sira no mos ho governu. AEMTL mos haforsa kapasidade emprezarial liu husi partilla informasaun no koñesimentu ba sistema no mekanisu emprezarial sira.</p>



<div class="wp-block-group alignfull is-layout-grid wp-container-core-group-is-layout-5 wp-block-group-is-layout-grid" style="margin-top:0;margin-bottom:0;padding-top:0;padding-right:0px;padding-bottom:0;padding-left:0px">
<div class="wp-block-group is-vertical is-content-justification-center is-layout-flex wp-container-core-group-is-layout-1 wp-block-group-is-layout-flex" style="margin-top:0;margin-bottom:0;padding-top:0;padding-right:0;padding-bottom:0;padding-left:0">
<figure class="wp-block-image size-full has-custom-border" style="margin-top:var(--wp--preset--spacing--20);margin-bottom:var(--wp--preset--spacing--20)"><img loading="lazy" decoding="async" width="210" height="210" src="https://aemtl.org/wp-content/uploads/2025/02/History-1-edt.webp" alt="" class="wp-image-531" style="border-radius:32px" srcset="https://aemtl.org/wp-content/uploads/2025/02/History-1-edt.webp 210w, https://aemtl.org/wp-content/uploads/2025/02/History-1-edt-150x150.webp 150w" sizes="auto, (max-width: 210px) 100vw, 210px" /></figure>



<p class="has-border-color has-custom-blue-border-color has-custom-blue-color has-text-color has-link-color wp-elements-a364b9e456b67bb7687aa7487e9d19e0" style="border-width:2px;border-radius:22px;margin-top:0;margin-right:0;margin-bottom:0;margin-left:0;padding-top:0.5rem;padding-right:1.2rem;padding-bottom:0.5rem;padding-left:1.2rem;font-size:clamp(14px, 0.875rem + ((1vw - 3.2px) * 0.208), 16px);">Mandatu 2007 &#8211; 2012</p>



<p class="has-text-align-center has-custom-blue-color has-text-color has-link-color has-medium-font-size wp-elements-ab6cdfc06d919080c08468aa649cdf60" style="margin-right:54px;margin-left:54px">AEMTL nia mandatu dahuluk lidera husi Sra. Kathleen Gonçalves</p>
</div>



<div class="wp-block-group is-vertical is-content-justification-center is-layout-flex wp-container-core-group-is-layout-2 wp-block-group-is-layout-flex" style="margin-top:0;margin-bottom:0;padding-top:0;padding-right:0;padding-bottom:0;padding-left:0">
<figure class="wp-block-image size-full has-custom-border" style="margin-top:var(--wp--preset--spacing--20);margin-bottom:var(--wp--preset--spacing--20)"><img loading="lazy" decoding="async" width="210" height="210" src="https://aemtl.org/wp-content/uploads/2025/02/History-2-edt-1.webp" alt="" class="wp-image-550" style="border-radius:32px" srcset="https://aemtl.org/wp-content/uploads/2025/02/History-2-edt-1.webp 210w, https://aemtl.org/wp-content/uploads/2025/02/History-2-edt-1-150x150.webp 150w" sizes="auto, (max-width: 210px) 100vw, 210px" /></figure>



<p class="has-border-color has-custom-blue-border-color has-custom-blue-color has-text-color has-link-color wp-elements-e2ba206b3c9b1446b71fcc9d5c6e9db7" style="border-width:2px;border-radius:22px;margin-top:0;margin-right:0;margin-bottom:0;margin-left:0;padding-top:0.5rem;padding-right:1.2rem;padding-bottom:0.5rem;padding-left:1.2rem;font-size:clamp(14px, 0.875rem + ((1vw - 3.2px) * 0.208), 16px);">Mandatu 2012 &#8211; 2017</p>



<p class="has-text-align-center has-custom-blue-color has-text-color has-link-color wp-elements-b9fad6b1120d077b32463c4222ca8415" style="margin-right:32px;margin-left:32px">AEMTL nia mandatu daruak lidera husi  Sra. Zenilda Gusmão.</p>
</div>



<div class="wp-block-group is-vertical is-content-justification-center is-layout-flex wp-container-core-group-is-layout-3 wp-block-group-is-layout-flex" style="margin-top:0;margin-bottom:0;padding-top:0;padding-right:0;padding-bottom:0;padding-left:0">
<figure class="wp-block-image size-full has-custom-border" style="margin-top:var(--wp--preset--spacing--20);margin-bottom:var(--wp--preset--spacing--20)"><img loading="lazy" decoding="async" width="210" height="210" src="https://aemtl.org/wp-content/uploads/2025/02/History-3-edt.webp" alt="" class="wp-image-554" style="border-radius:32px" srcset="https://aemtl.org/wp-content/uploads/2025/02/History-3-edt.webp 210w, https://aemtl.org/wp-content/uploads/2025/02/History-3-edt-150x150.webp 150w" sizes="auto, (max-width: 210px) 100vw, 210px" /></figure>



<p class="has-border-color has-custom-blue-border-color has-custom-blue-color has-text-color has-link-color wp-elements-93f7936dc4450e584d2e51229c789c14" style="border-width:2px;border-radius:22px;margin-top:0;margin-right:0;margin-bottom:0;margin-left:0;padding-top:0.5rem;padding-right:1.2rem;padding-bottom:0.5rem;padding-left:1.2rem;font-size:clamp(14px, 0.875rem + ((1vw - 3.2px) * 0.208), 16px);">Mandatu 2017 &#8211; 2022</p>



<p class="has-text-align-center has-custom-blue-color has-text-color has-link-color wp-elements-9c972e0caae1423cceefe19c8ed418b1" style="margin-right:36px;margin-left:36px">AEMTL nia mandatu datoluk lidera husi Sra. Hergui Luina Fernandes Alves.</p>
</div>



<div class="wp-block-group is-vertical is-content-justification-center is-layout-flex wp-container-core-group-is-layout-4 wp-block-group-is-layout-flex" style="margin-top:0;margin-bottom:0;padding-top:0;padding-right:0;padding-bottom:0;padding-left:0">
<figure class="wp-block-image size-full has-custom-border" style="margin-top:var(--wp--preset--spacing--20);margin-bottom:var(--wp--preset--spacing--20)"><img loading="lazy" decoding="async" width="210" height="210" src="https://aemtl.org/wp-content/uploads/2025/02/History-4-edt.webp" alt="" class="wp-image-556" style="border-radius:32px" srcset="https://aemtl.org/wp-content/uploads/2025/02/History-4-edt.webp 210w, https://aemtl.org/wp-content/uploads/2025/02/History-4-edt-150x150.webp 150w" sizes="auto, (max-width: 210px) 100vw, 210px" /></figure>



<p class="has-border-color has-custom-blue-border-color has-custom-blue-color has-text-color has-link-color wp-elements-10ff48f8e182b7bd84caf84414f53b6b" style="border-width:2px;border-radius:22px;margin-top:0;margin-right:0;margin-bottom:0;margin-left:0;padding-top:0.5rem;padding-right:1.2rem;padding-bottom:0.5rem;padding-left:1.2rem;font-size:clamp(14px, 0.875rem + ((1vw - 3.2px) * 0.208), 16px);">Ohin Loron</p>



<p class="has-text-align-center has-custom-blue-color has-text-color has-link-color has-medium-font-size wp-elements-9c8364537d8f5781f08a9a2092bc2c60" style="margin-right:82px;margin-left:82px">AEMTL nia mandatu dahaat, to&#8217;o tinan 2026, lidera husi Sra. Hergui Luina Fernandes Alves</p>
</div>



<div class="wp-block-columns is-layout-flex wp-container-core-columns-is-layout-1 wp-block-columns-is-layout-flex">
<div class="wp-block-column is-layout-flow wp-block-column-is-layout-flow" style="flex-basis:100%"></div>



<div class="wp-block-column is-layout-flow wp-block-column-is-layout-flow" style="flex-basis:100%"></div>



<div class="wp-block-column is-layout-flow wp-block-column-is-layout-flow" style="flex-basis:100%"></div>



<div class="wp-block-column is-layout-flow wp-block-column-is-layout-flow" style="flex-basis:100%"></div>
</div>
</div>



<p></p>

<p>Iha loron 26, fulan abril,&nbsp; tinan 2008, emprezaria hamutuk haat nulu resun tolu (43) hari’i&nbsp; AEMTL ho&nbsp; objetivu atu kria oportunidade no insentivu ba emprezariu timor-oan sira hodi fiar-an no motiva-an hodi kontribui ba dezenvolvimentu nasaun nian.&nbsp;Sai hanesan mahon ba negósiu sira seluk, iha sektor oin-oin, hanesan Turismu, Komérsiu, Importasaun, Konstrusaun Sivil, no selun tan, [&hellip;]</p>
