{"id":313,"date":"2025-01-27T06:42:23","date_gmt":"2025-01-27T06:42:23","guid":{"rendered":"https:\/\/aemtl.org\/?page_id=313"},"modified":"2025-02-07T07:27:48","modified_gmt":"2025-02-07T07:27:48","slug":"products-and-services","status":"publish","type":"page","link":"https:\/\/aemtl.org\/tetun\/members\/products-and-services\/","title":{"rendered":"Produtu no Servisu Sira"},"content":{"rendered":"\n<p><strong>Formasaun no Kapasitasaun:<\/strong>Organizasaun workshop, semin\u00e1riu no formasaun kona-ba dezenvolvimentu kompetensia emprezarial sira, lideransa no dezenvolvimentu profisional.<strong>Mentoria:<\/strong>Fasilita atu hetan programa mentoria ba feto empreendedora sira, no f\u00f3 suporte no akonsellamentu husi feto ho experiensia ho neg\u00f3siu.&nbsp;<strong>Rede Kontaktu Emprezarial:<\/strong><\/p>\n\n\n\n<p>Fasilita enkontru ho rede kontaktu, eventu no aktividade seluk hodi promove interasaun no kolaborasaun ho membru seluk.&nbsp;<strong>Promosaun Neg\u00f3siu:<\/strong><\/p>\n\n\n\n<p>Opsaun atu promove neg\u00f3siu husi membru sira liu husi plataforma online, rede sosi\u00e1l no eventu promosional sira<strong><\/strong><\/p>\n\n\n\n<p><strong>Apoiu Legal no Advokasia:<\/strong><\/p>\n\n\n\n<p>Fasilidade atu hetan asesu ba informasaun legal, konsultoria legal no advokasia ba asuntu relevante ba feto emprezaria sira.<strong>Apoiu Finanseiru:<\/strong><\/p>\n\n\n\n<p>Orientasaun no asistensia ba kestaun relasiona ho finansa, hanesan kreditu, inklui mos informasaun kona-b\u00e1 subsidiu, finansiamentu no rekursu seluk hodi sustenta empreza sira.&nbsp;<strong><br><\/strong><strong>Eventu no Kampa\u00f1a:<\/strong><\/p>\n\n\n\n<p>Organizasaun eventu, feira no kampa\u00f1a promosional sira hodi hasa\u2019e vizibilidade no suporta neg\u00f3siu membru sira nian.<strong>Lobbying no Reprezentasaun:<\/strong>Representa interese membru sira iha n\u00edvel lok\u00e1l, nasion\u00e1l no internasion\u00e1l, liu husi prosesu lobby ba politika sira ne\u2019eb\u00e9 afeta feto emprezaria sira.<\/p>\n\n\n\n<p><\/p>\n","protected":false},"excerpt":{"rendered":"<p>Formasaun no Kapasitasaun:Organizasaun workshop, semin\u00e1riu no formasaun kona-ba dezenvolvimentu kompetensia emprezarial sira, lideransa no dezenvolvimentu profisional.Mentoria:Fasilita atu hetan programa mentoria ba feto empreendedora sira, no f\u00f3 suporte no akonsellamentu husi feto ho experiensia ho neg\u00f3siu.&nbsp;Rede Kontaktu Emprezarial: Fasilita enkontru ho rede kontaktu, eventu no aktividade seluk hodi promove interasaun no kolaborasaun ho membru seluk.&nbsp;Promosaun Neg\u00f3siu: [&hellip;]<\/p>\n","protected":false},"author":1,"featured_media":0,"parent":83,"menu_order":0,"comment_status":"closed","ping_status":"closed","template":"","meta":{"footnotes":""},"class_list":["post-313","page","type-page","status-publish","hentry"],"_links":{"self":[{"href":"https:\/\/aemtl.org\/tetun\/wp-json\/wp\/v2\/pages\/313","targetHints":{"allow":["GET"]}}],"collection":[{"href":"https:\/\/aemtl.org\/tetun\/wp-json\/wp\/v2\/pages"}],"about":[{"href":"https:\/\/aemtl.org\/tetun\/wp-json\/wp\/v2\/types\/page"}],"author":[{"embeddable":true,"href":"https:\/\/aemtl.org\/tetun\/wp-json\/wp\/v2\/users\/1"}],"replies":[{"embeddable":true,"href":"https:\/\/aemtl.org\/tetun\/wp-json\/wp\/v2\/comments?post=313"}],"version-history":[{"count":4,"href":"https:\/\/aemtl.org\/tetun\/wp-json\/wp\/v2\/pages\/313\/revisions"}],"predecessor-version":[{"id":1456,"href":"https:\/\/aemtl.org\/tetun\/wp-json\/wp\/v2\/pages\/313\/revisions\/1456"}],"up":[{"embeddable":true,"href":"https:\/\/aemtl.org\/tetun\/wp-json\/wp\/v2\/pages\/83"}],"wp:attachment":[{"href":"https:\/\/aemtl.org\/tetun\/wp-json\/wp\/v2\/media?parent=313"}],"curies":[{"name":"wp","href":"https:\/\/api.w.org\/{rel}","templated":true}]}}

<p><strong>Formasaun no Kapasitasaun:</strong>Organizasaun workshop, semináriu no formasaun kona-ba dezenvolvimentu kompetensia emprezarial sira, lideransa no dezenvolvimentu profisional.<strong>Mentoria:</strong>Fasilita atu hetan programa mentoria ba feto empreendedora sira, no fó suporte no akonsellamentu husi feto ho experiensia ho negósiu.&nbsp;<strong>Rede Kontaktu Emprezarial:</strong></p>



<p>Fasilita enkontru ho rede kontaktu, eventu no aktividade seluk hodi promove interasaun no kolaborasaun ho membru seluk.&nbsp;<strong>Promosaun Negósiu:</strong></p>



<p>Opsaun atu promove negósiu husi membru sira liu husi plataforma online, rede sosiál no eventu promosional sira<strong></strong></p>



<p><strong>Apoiu Legal no Advokasia:</strong></p>



<p>Fasilidade atu hetan asesu ba informasaun legal, konsultoria legal no advokasia ba asuntu relevante ba feto emprezaria sira.<strong>Apoiu Finanseiru:</strong></p>



<p>Orientasaun no asistensia ba kestaun relasiona ho finansa, hanesan kreditu, inklui mos informasaun kona-bá subsidiu, finansiamentu no rekursu seluk hodi sustenta empreza sira.&nbsp;<strong><br></strong><strong>Eventu no Kampaña:</strong></p>



<p>Organizasaun eventu, feira no kampaña promosional sira hodi hasa’e vizibilidade no suporta negósiu membru sira nian.<strong>Lobbying no Reprezentasaun:</strong>Representa interese membru sira iha nível lokál, nasionál no internasionál, liu husi prosesu lobby ba politika sira ne’ebé afeta feto emprezaria sira.</p>



<p></p>

<p>Formasaun no Kapasitasaun:Organizasaun workshop, semináriu no formasaun kona-ba dezenvolvimentu kompetensia emprezarial sira, lideransa no dezenvolvimentu profisional.Mentoria:Fasilita atu hetan programa mentoria ba feto empreendedora sira, no fó suporte no akonsellamentu husi feto ho experiensia ho negósiu.&nbsp;Rede Kontaktu Emprezarial: Fasilita enkontru ho rede kontaktu, eventu no aktividade seluk hodi promove interasaun no kolaborasaun ho membru seluk.&nbsp;Promosaun Negósiu: [&hellip;]</p>
