{"id":36,"date":"2024-12-28T11:04:19","date_gmt":"2024-12-28T11:04:19","guid":{"rendered":"https:\/\/aemtl.org\/?page_id=36"},"modified":"2025-02-07T13:25:05","modified_gmt":"2025-02-07T13:25:05","slug":"strategic-plans-2","status":"publish","type":"page","link":"https:\/\/aemtl.org\/tetun\/aemtl\/strategic-plans-2\/","title":{"rendered":"Planu Estrat\u00e9jiku"},"content":{"rendered":"\n<div class=\"wp-block-columns is-layout-flex wp-container-core-columns-is-layout-1 wp-block-columns-is-layout-flex\">\n<div class=\"wp-block-column is-layout-flow wp-block-column-is-layout-flow\">\n<p>The \u201cAssocia\u00e7\u00e3o Empresarial das Mulheres de Timor-Leste\u201d (AEMTL), is a business-oriented association that represents and defends the interests and aspirations of all Timorese women entrepreneurs and is conscious of the various interests and expectations of its members, as such participation and involvement of both its internal members and external stakeholders remains a core of its programing approach.<br><br>\u201cAssocia\u00e7\u00e3o Empresarial das Mulheres de Timor-Leste\u201d (AEMTL), hanesan asosiasaun ida ne\u2019eb\u00e9 reprezenta no defende interese&nbsp; no aspirasaun husi emprezaria feto timor-oan sira no iha konsi\u00e9nsia ba interese no espektativa husi nia membru sira. Tamba ne\u2019e involvimentu husi membru internu sira no husi parte ho interese externa sira sai nafatin elementu sentr\u00e1l ba abordajem program\u00e1tika nian.<br><br>AEMTL hakarak foti sa\u2019e tendensia foun iha dinamika sektor privadu nian: hasa\u2019e propriedade hodi hamenus dependensia ba projetu publiku sira, negosiu estruturadu no profisional liu tan, sai duni sektor produtivu no alternativa eficaz ba kriasaun empregu no haburas rendimentu sektor publiku nian no, iha prosesu ida ne\u2019e, explora forma inovador no kriativu atu hala\u2019o neg\u00f3siu iha Timor-Leste no iha rai liur.<br><br>Ho konsi\u00e9nsia ida ne\u2019e, AEMTL hah\u00fa prosesu planeamentu estrat\u00e9jiku konsultivu no partisipativu ne\u2019eb\u00e9 hala\u2019o liu husi an\u00e1lize dokumentu relevante sira, avaliasaun institusion\u00e1l ida, entrevista ba membru xavi no ekipa sektorial sira, no mos ho workshop kona-b\u00e1 planeamentu estrat\u00e9jiku ne\u2019eb\u00e9 hala\u2019o durante loron rua iha Dare, Dili, husi loron 16 t\u2019o loron 18, fulan fevereiro, tinan 2018 liu-b\u00e1.<br><br>Rezultadu husi prosesu konsultivu ne\u2019e foti husi Asistente Teknika ida, ne\u2019ebe UNWomen mak kontrata, ne\u2019eb\u00e9 nakfila ba Relat\u00f3riu Diskusaun ida ne\u2019ebe sai baze ba dezenvolvimentu Planu Estrat\u00e9jiku ne\u2019e rasik. Ita tenke reko\u00f1ese katak UNWomen mak f\u00f3 biban atu hah\u00fa prosesu ne\u2019e, hanesan ajensia dahuluk sira ne\u2019eb\u00e9 sai parseiru AEMTL nian.<br><br>Planu ne\u2019e apresenta mos roteiru ba AEMTL ida foun, ne\u2019eb\u00e9 asosiasaun nia lideransa kompromete atu halo tuir durante mandatu iha tinan haat tuir mai hodi hetan exsel\u00e9nsia ida sustent\u00e1vel no mos sai lian ba fetu emprezaria sira iha Timor-Leste.<br><br><a href=\"http:\/\/aemtl.tl\/images\/pdf\/strategic-plan-aemtl.pdf\">atu download kopia ida husi planu estrat\u00e9jiku<\/a><\/p>\n<\/div>\n\n\n\n<div class=\"wp-block-column is-layout-flow wp-block-column-is-layout-flow\">\n<figure class=\"wp-block-image size-full\"><img loading=\"lazy\" decoding=\"async\" width=\"800\" height=\"600\" src=\"https:\/\/aemtl.org\/wp-content\/uploads\/2025\/01\/strategic-plan-800x600-1.webp\" alt=\"\" class=\"wp-image-335\" srcset=\"https:\/\/aemtl.org\/wp-content\/uploads\/2025\/01\/strategic-plan-800x600-1.webp 800w, https:\/\/aemtl.org\/wp-content\/uploads\/2025\/01\/strategic-plan-800x600-1-300x225.webp 300w, https:\/\/aemtl.org\/wp-content\/uploads\/2025\/01\/strategic-plan-800x600-1-768x576.webp 768w\" sizes=\"auto, (max-width: 800px) 100vw, 800px\" \/><\/figure>\n<\/div>\n<\/div>\n\n\n\n<p><\/p>\n","protected":false},"excerpt":{"rendered":"<p>The \u201cAssocia\u00e7\u00e3o Empresarial das Mulheres de Timor-Leste\u201d (AEMTL), is a business-oriented association that represents and defends the interests and aspirations of all Timorese women entrepreneurs and is conscious of the various interests and expectations of its members, as such participation and involvement of both its internal members and external stakeholders remains a core of its [&hellip;]<\/p>\n","protected":false},"author":1,"featured_media":0,"parent":19,"menu_order":0,"comment_status":"closed","ping_status":"closed","template":"","meta":{"footnotes":""},"class_list":["post-36","page","type-page","status-publish","hentry"],"_links":{"self":[{"href":"https:\/\/aemtl.org\/tetun\/wp-json\/wp\/v2\/pages\/36","targetHints":{"allow":["GET"]}}],"collection":[{"href":"https:\/\/aemtl.org\/tetun\/wp-json\/wp\/v2\/pages"}],"about":[{"href":"https:\/\/aemtl.org\/tetun\/wp-json\/wp\/v2\/types\/page"}],"author":[{"embeddable":true,"href":"https:\/\/aemtl.org\/tetun\/wp-json\/wp\/v2\/users\/1"}],"replies":[{"embeddable":true,"href":"https:\/\/aemtl.org\/tetun\/wp-json\/wp\/v2\/comments?post=36"}],"version-history":[{"count":7,"href":"https:\/\/aemtl.org\/tetun\/wp-json\/wp\/v2\/pages\/36\/revisions"}],"predecessor-version":[{"id":1271,"href":"https:\/\/aemtl.org\/tetun\/wp-json\/wp\/v2\/pages\/36\/revisions\/1271"}],"up":[{"embeddable":true,"href":"https:\/\/aemtl.org\/tetun\/wp-json\/wp\/v2\/pages\/19"}],"wp:attachment":[{"href":"https:\/\/aemtl.org\/tetun\/wp-json\/wp\/v2\/media?parent=36"}],"curies":[{"name":"wp","href":"https:\/\/api.w.org\/{rel}","templated":true}]}}

Planu Estratéjiku

<div class="wp-block-columns is-layout-flex wp-container-core-columns-is-layout-1 wp-block-columns-is-layout-flex">
<div class="wp-block-column is-layout-flow wp-block-column-is-layout-flow">
<p>The “Associação Empresarial das Mulheres de Timor-Leste” (AEMTL), is a business-oriented association that represents and defends the interests and aspirations of all Timorese women entrepreneurs and is conscious of the various interests and expectations of its members, as such participation and involvement of both its internal members and external stakeholders remains a core of its programing approach.<br><br>“Associação Empresarial das Mulheres de Timor-Leste” (AEMTL), hanesan asosiasaun ida ne’ebé reprezenta no defende interese&nbsp; no aspirasaun husi emprezaria feto timor-oan sira no iha konsiénsia ba interese no espektativa husi nia membru sira. Tamba ne’e involvimentu husi membru internu sira no husi parte ho interese externa sira sai nafatin elementu sentrál ba abordajem programátika nian.<br><br>AEMTL hakarak foti sa’e tendensia foun iha dinamika sektor privadu nian: hasa’e propriedade hodi hamenus dependensia ba projetu publiku sira, negosiu estruturadu no profisional liu tan, sai duni sektor produtivu no alternativa eficaz ba kriasaun empregu no haburas rendimentu sektor publiku nian no, iha prosesu ida ne’e, explora forma inovador no kriativu atu hala’o negósiu iha Timor-Leste no iha rai liur.<br><br>Ho konsiénsia ida ne’e, AEMTL hahú prosesu planeamentu estratéjiku konsultivu no partisipativu ne’ebé hala’o liu husi análize dokumentu relevante sira, avaliasaun institusionál ida, entrevista ba membru xavi no ekipa sektorial sira, no mos ho workshop kona-bá planeamentu estratéjiku ne’ebé hala’o durante loron rua iha Dare, Dili, husi loron 16 t’o loron 18, fulan fevereiro, tinan 2018 liu-bá.<br><br>Rezultadu husi prosesu konsultivu ne’e foti husi Asistente Teknika ida, ne’ebe UNWomen mak kontrata, ne’ebé nakfila ba Relatóriu Diskusaun ida ne’ebe sai baze ba dezenvolvimentu Planu Estratéjiku ne’e rasik. Ita tenke rekoñese katak UNWomen mak fó biban atu hahú prosesu ne’e, hanesan ajensia dahuluk sira ne’ebé sai parseiru AEMTL nian.<br><br>Planu ne’e apresenta mos roteiru ba AEMTL ida foun, ne’ebé asosiasaun nia lideransa kompromete atu halo tuir durante mandatu iha tinan haat tuir mai hodi hetan exselénsia ida sustentável no mos sai lian ba fetu emprezaria sira iha Timor-Leste.<br><br><a href="http://aemtl.tl/images/pdf/strategic-plan-aemtl.pdf">atu download kopia ida husi planu estratéjiku</a></p>
</div>



<div class="wp-block-column is-layout-flow wp-block-column-is-layout-flow">
<figure class="wp-block-image size-full"><img loading="lazy" decoding="async" width="800" height="600" src="https://aemtl.org/wp-content/uploads/2025/01/strategic-plan-800x600-1.webp" alt="" class="wp-image-335" srcset="https://aemtl.org/wp-content/uploads/2025/01/strategic-plan-800x600-1.webp 800w, https://aemtl.org/wp-content/uploads/2025/01/strategic-plan-800x600-1-300x225.webp 300w, https://aemtl.org/wp-content/uploads/2025/01/strategic-plan-800x600-1-768x576.webp 768w" sizes="auto, (max-width: 800px) 100vw, 800px" /></figure>
</div>
</div>



<p></p>

<p>The “Associação Empresarial das Mulheres de Timor-Leste” (AEMTL), is a business-oriented association that represents and defends the interests and aspirations of all Timorese women entrepreneurs and is conscious of the various interests and expectations of its members, as such participation and involvement of both its internal members and external stakeholders remains a core of its [&hellip;]</p>
